of -5*b**2/2 + 2. What is the remainder when a(k) is divided by 11?
9
Let x(a) = -a**3 - a. Let w be x(-2). What is the remainder when (-6)/(-4) - (-615)/w is divided by 22?
19
Calculate the remainder when (-18)/4*(-4 - 2) is divided by 7.
6
Let h = 17 + -13. Calculate the remainder when -1 + 1/(h/24) is divided by 4.
1
Suppose -g = -71 + 10. Let k(a) = 15*a**2 - a. Calculate the remainder when g is divided by k(-1).
13
Suppose -q - 5*w = -26, 3*q = 8*q - w - 208. What is the remainder when q is divided by 15?
11
Let m = 176 - -68. What is the remainder when m is divided by 35?
34
Let g be 1/((-2)/2)*1. Let a(s) = -s**2 + 8*s - 5. Calculate the remainder when g + (0 - -1) + 20 is divided by a(6).
6
Suppose 3*z + a = -0*a + 62, -18 = -z - 3*a. What is the remainder when (244/(-16))/((-3)/12) is divided by z?
19
Suppose -4*u + 18 = -50. Calculate the remainder when 32 is divided by u.
15
Suppose -5*g - 20 = -5*z, -4*z = 2*g - z - 17. Calculate the remainder when 67 is divided by 22 + g + 0/(-2).
21
Suppose 4*r - 66 = -2*p, -3*r + 4*r - 22 = 5*p. Suppose -3*z = -5*z - 12. Let c(a) = -5*a + 3. Calculate the remainder when c(z) is divided by r.
16
Let m(n) = 2*n - 3. Let x be m(3). Calculate the remainder when 14 is divided by 62/12 - x/18.
4
Let p(q) = -6*q + 1. Suppose 0*z + 3 = z - 4*x, -2*x - 68 = -4*z. What is the remainder when p(-6) is divided by z?
18
Suppose 7*n + 216 = 3*n. Let h = 80 + n. What is the remainder when h is divided by 15?
11
Let z(f) = f**2 - 5*f + 6. Let c be z(4). Let q(l) = 2*l**3 - l**2 + l - 1. What is the remainder when q(c) is divided by 7?
6
Suppose -35*p - 156 = -41*p. Calculate the remainder when 1/1 - (1 + -101) is divided by p.
23
Let c(t) = t + 1. Let j(n) = -n - 5. Let u be j(-9). Let v(i) = 3*i - 7. Calculate the remainder when v(5) is divided by c(u).
3
Let s = 81 - 23. Let c = -51 - -71. What is the remainder when s is divided by c?
18
Let u = -211 - -318. Let r be 14/3 + (-3)/(-9). Suppose r*i - u = -3*z, 0*i + 2*i = 2*z + 30. Calculate the remainder when 55 is divided by i.
17
Suppose 5*m - 1 = 3*j - 2, -3*m - 2*j = 12. Let d = m + 9. Suppose -2*y + 11 = -d. Calculate the remainder when 17 is divided by y.
8
Suppose 0 = -l, 0 = 4*w + l - 47 - 65. Let x(t) be the first derivative of 11*t**4/4 - t**2 + t + 9. What is the remainder when w is divided by x(1)?
8
Let y(z) = z**3 - 3*z - 3. Let f(g) = -g**3 + 6*g**2 + 5*g - 7. What is the remainder when f(5) is divided by y(3)?
13
Suppose -8 - 22 = -3*w. Suppose -w = -7*k + 2*k. Suppose i + 0*i - 4*c - 12 = 0, -k*i + 24 = 3*c. Calculate the remainder when 35 is divided by i.
11
Let j(u) be the third derivative of -u**4/24 + 5*u**3/6 + 2*u**2. Let b be j(4). What is the remainder when 35 is divided by (-94)/(-8) - b/(-4)?
11
What is the remainder when 21 is divided by 18/(-45) + (-124)/(-10)?
9
Suppose -96 = -6*g - 0*g. Calculate the remainder when g is divided by 6.
4
Suppose 6*c - 2*c - 48 = 0. Calculate the remainder when c is divided by 3.
0
Let j = 316 - 82. Suppose z + 3*z - j = 5*k, 3*z - 181 = k. Calculate the remainder when z is divided by 16.
13
Suppose -3*b + 1 + 2 = 0, 0 = -5*x - 5*b + 90. Let l = 30 - x. Suppose 0 = c - 5, -c = -2*j + 4 + l. What is the remainder when 20 is divided by j?
9
Let o be (-1 - 0)*(-5 + 2). Suppose 2*d + 3*d - o*z = 191, 2*d - 95 = -5*z. What is the remainder when d is divided by 14?
12
Let p be (-6)/(-2) + (-9 - -5). Let w = p - -4. Calculate the remainder when w is divided by 3.
0
Suppose 51 = -7*z + 296. Calculate the remainder when z is divided by 9.
8
Let w(d) = 2*d - 4. Let v be w(4). Suppose x = 3*r - 42, -v*x + 39 - 102 = -5*r. Calculate the remainder when 44 is divided by r.
14
Let l = 26 - 11. Calculate the remainder when l is divided by 8.
7
Suppose 0 = -2*w + 3*c + 13, -c = -3*w + 16 - 0. Suppose -2*h + 18 = 2*m, 3*m + 0*m - 27 = -4*h. What is the remainder when m is divided by w?
4
Let h(v) = -v + 5. Let d be h(2). Suppose k = 3*a - 6 + 4, -2*k - d*a + 14 = 0. What is the remainder when 7 is divided by k?
3
Suppose 0 = -0*v + v - 9. What is the remainder when 48 is divided by (150/v)/(4/6)?
23
Let q be (-1)/((-2)/2) - -5. Calculate the remainder when (-62)/(q/(-9)*3) is divided by 11.
9
Let h = 44 + -23. Suppose -2*v + 5*k = -24, 2*k = -v + 4 + 8. What is the remainder when h is divided by v?
9
Let f(q) = -q**2 + 14 - 3*q**3 + 2*q**3 + q**2. What is the remainder when 40 is divided by f(0)?
12
Let u(k) = k**3 - 9*k**2 - 14*k - 14. Calculate the remainder when u(11) is divided by 21.
11
Let h = -32 - -59. Let t be 2/10 + h/15. Suppose 0 = t*o - 9 - 3. What is the remainder when 16 is divided by o?
4
Suppose n + 161 = 3*d - 0*d, 0 = -5*d - n + 279. Calculate the remainder when d is divided by 14.
13
Suppose 0*d - 3*d = -12. Let k(x) = x**2 + 4*x + 1. Calculate the remainder when k(-5) is divided by d.
2
Let l = 38 - 85. Let i = -32 - l. What is the remainder when 6/21 + (-201)/(-7) is divided by i?
14
Let p be (-1 - 0 - 0)/(-1). Let w = 1 - p. Suppose -4*z - 3*b + 64 = -b, 5*z + b - 74 = w. What is the remainder when z is divided by 5?
4
Suppose -2*d - 2*h = -84, 0*h - 158 = -3*d + 5*h. What is the remainder when 90 is divided by d?
44
Suppose 3*z + 3*t - 35 = -5, -5*z + 2*t + 64 = 0. What is the remainder when z is divided by 7?
5
Let x(p) = p**3 + 4*p**2 - 4*p - 6. What is the remainder when x(-4) is divided by (-3)/(-21) - 4/((-84)/123)?
4
Let r(o) = -8*o - 3. Suppose 6 - 4 = -z. Calculate the remainder when r(z) is divided by 5.
3
Let b(a) = -a - 5. Let x be b(-9). Suppose 4*s = i - 18, -x*s + 6 + 0 = 3*i. Calculate the remainder when 17 is divided by i.
5
Let q = -31 - -84. What is the remainder when q is divided by 14?
11
Suppose -3*l = 3*l - 78. Calculate the remainder when 24 is divided by l.
11
Suppose 0 = -4*p + 15 + 5. Suppose t - 2*t + 45 = p*w, 2*w = -t + 18. Calculate the remainder when 33 is divided by w.
6
Let p = 0 - -3. Suppose -5*d + 0*d - 25 = 0, 0 = -l + d + p. Calculate the remainder when (10 - (l + 1)) + 1 is divided by 7.
5
Suppose 0 = -4*i + 5 + 3. Suppose -5*m - i*n + 87 = 0, -3*n + 3 = m + n. Suppose -11 = -3*w + 22. What is the remainder when m is divided by w?
8
Suppose -4*r - w + 156 = -0*r, -5*r = -4*w - 195. Let c = -26 + r. Let g = 85 - 48. What is the remainder when g is divided by c?
11
Let w(g) = 14*g + 3. Calculate the remainder when w(6) is divided by 22.
21
Let a = -32 + 65. What is the remainder when 63 is divided by a?
30
Suppose -2*x - 4*b + 3 - 41 = 0, -2*x = -4*b + 62. Let d = x - -68. What is the remainder when d is divided by 23?
20
What is the remainder when 189 is divided by (-2 - -4 - 2) + 32*2?
61
Suppose 25*v - 18 = 23*v. What is the remainder when v is divided by 6?
3
Let j = 7 + -4. Suppose -6 = 2*n, -3*x - 6 + 27 = -j*n. Let r(y) = -y**3 - 4*y**2 + 2*y - 5. What is the remainder when r(-5) is divided by x?
2
Suppose 3*t - 25 = 23. Let p = -106 - -151. Calculate the remainder when p is divided by t.
13
Let c = 38 + -26. Suppose -3*j + 141 = 3*d + 39, -4*d + 2*j + 136 = 0. Calculate the remainder when d is divided by c.
10
Let v(g) = -6*g - 5. Suppose -25 = -5*l, m = l - 0*l + 49. What is the remainder when m is divided by v(-4)?
16
Suppose 0 = 2*w - 4*v + 2*v - 20, 0 = -5*w + 2*v + 53. Let x = 21 - 14. What is the remainder when w is divided by x?
4
Let q(h) = 8*h**3 + h**2 - h. Let i be q(1). Suppose -5*j + 2 + i = 0. What is the remainder when j/4*-2*-9 is divided by 5?
4
Suppose -2*q = -3*a - 52, 2*q - 7*q = -2*a - 141. Calculate the remainder when q is divided by 15.
14
Let t(h) = -3*h + 3. Let p(c) = 11*c**3 - c - 1. Let a be p(-1). What is the remainder when t(a) is divided by 19?
17
Suppose 2*r + 207 = 5*j - r, -3*j + 4*r + 122 = 0. Calculate the remainder when j is divided by -28*(-6)/16 + 2/4.
9
Suppose -5*d = 2*f - 3*d - 334, -337 = -2*f - d. Calculate the remainder when f is divided by 57.
56
Suppose 48 = f - 0*f. Let m = f - 13. Suppose m = 5*s + 5. Calculate the remainder when 16 is divided by s.
4
What is the remainder when 51 is divided by 195/5*(-4)/(-6)?
25
Suppose 0 = -2*m + 2 + 46. What is the remainder when 45 is divided by m?
21
Suppose -52 = -4*m + b, -115 = -5*m + 3*b - 43. What is the remainder when 116/m - (-3)/9 is divided by 6?
4
